digit of f(m)?
9
Suppose 27*j = 17*j + 97160. What is the units digit of j?
6
Let o = -32 + 34. Suppose -o*m + 0*p + 4*p - 2 = 0, -3*m - 5*p + 41 = 0. Suppose 0 = 2*s + 1 - m. What is the units digit of s?
3
Let u(i) = -217*i - 69. Suppose -2*v - 10 = -2*h + 4, -2*v - 22 = -4*h. What is the units digit of u(v)?
2
Let k(m) = 2*m**3 + 2*m**2 - 4*m + 48. What is the units digit of k(5)?
8
Let x = 4025 + -2642. Suppose 5*c - 482 = x. What is the units digit of c?
3
Suppose 2*i + 139*v - 140*v = 2035, -i = v - 1016. What is the hundreds digit of i?
0
Suppose 0 = -64*v + 69*v. Suppose -5*n - 373 = 92. What is the units digit of (8 - n) + v + 1?
2
Let m(y) = y**2 + 9*y + 8. Let q(r) = -r**2 - 8*r - 7. Let u(n) = n. Let l(d) = -q(d) + 3*u(d). Let j(c) = -2*l(c) + 3*m(c). What is the units digit of j(12)?
4
Let o(p) = -17*p**3 - 3*p**2 - 2*p + 7. Let b be o(-3). Suppose -5*h + b = 2*c - 6*h, -h + 893 = 4*c. Let d = c + -75. What is the tens digit of d?
4
Let m = 1404 - 508. Let j = m - 559. What is the hundreds digit of j?
3
What is the thousands digit of 38945 + (8/(-6) - -1)/((-37)/(-777))?
8
Suppose 3*o - 10376 = -5*u, 5*o + 4*u + 220 = 17535. What is the hundreds digit of o?
4
Let u = 120 - 118. Suppose -3*j = i - 368, -u*j + 2*i = 3*j - 606. Suppose 355 - 34 = 5*p - o, -2*o = -2*p + j. What is the units digit of p?
5
What is the hundreds digit of (-8)/44 + (-15410)/(-55) + -3?
2
Let w(f) = 110*f**2 + 2*f. Suppose -5*y = -z - 3*y + 6, 3*z + 14 = -2*y. What is the tens digit of w(z)?
3
Let y be (-2)/(-9) - (-34640)/(-36). Let w be y/(-10) - (2 + 36/(-20)). What is the tens digit of ((w/(-5))/(-3))/(2/10)?
3
Let c(o) be the second derivative of 89*o**3/3 + 19*o**2 - 6*o - 3. What is the hundreds digit of c(4)?
7
Let h(x) = 30*x**3 + 3*x**2 - 31*x + 160. What is the tens digit of h(8)?
6
Let f be 1 - (44/99 - 260/18). Suppose 2412 = f*c + 3*c. What is the hundreds digit of c?
1
Let w = -1559 - -3273. Suppose -4*a = -4*y - w - 2046, -2*y = 8. What is the units digit of a?
6
Let h be (-4)/(-6)*-3 + 7 + -2. Let w be -93 - (-2 - (h + -3)). Let k = -23 - w. What is the units digit of k?
8
Let c be ((-62788)/33)/(((-8)/3)/4). Suppose -2*y + 5*a + c = a, -a = -3. What is the units digit of y?
3
Let y(n) = 230*n**2 + 71*n - 776. What is the hundreds digit of y(14)?
2
Let i = 36732 + -19194. What is the thousands digit of i?
7
Let x(q) = 2*q**2 - q + 645. What is the tens digit of x(0)?
4
Suppose 3*t - 38 = -2*f, f + 20 = t - 2*f. Suppose 5*g - t = 2056. What is the units digit of g?
4
Suppose 7*b = 3*g + b - 15552, 4*b = -5*g + 25906. What is the hundreds digit of g?
1
Suppose -31*n + 536775 + 178147 = 0. What is the ten thousands digit of n?
2
Let y(w) = -6*w + 45. Let h be y(10). What is the tens digit of (h + 68)*(-1 - -12)?
8
Suppose -5*j - 1159 = -34. What is the units digit of (-111175)/j - 1/9?
4
Let o = 3408 - 2311. What is the hundreds digit of o?
0
Suppose -144752 = 67*k - 857833. What is the thousands digit of k?
0
Let l = -1703 + 4297. What is the hundreds digit of l?
5
Suppose 864 = 4*n - 13*n. Let d be ((-3)/(-2))/((-36)/n). Suppose -2*b + 244 = -b + 5*w, -4*b - d*w = -928. What is the hundreds digit of b?
2
Let d(x) = -8 + 2*x - x**3 + 4*x**2 - x**2 + 3*x**2. Let a be d(7). Let f = -4 - a. What is the tens digit of f?
3
Let s = 48091 - 5559. What is the tens digit of s?
3
Suppose -61*q + 58*q = -b + 41647, -4*b - 2*q = -166630. What is the units digit of b?
6
Let u be 15*(10/(-25))/(-2). Suppose -u*j + 4*g + 12 = 0, -3*g - 8 = -5*j + 12. Suppose 0 = j*w - 152 - 40. What is the units digit of w?
8
Let s(f) = -f**3 - 35*f**2 - 189*f + 11. What is the units digit of s(-37)?
2
Let z = -554 - -562. What is the tens digit of ((-1166)/z)/(2/(-16))?
6
Let s(r) = -2907*r - 3129. What is the units digit of s(-6)?
3
Suppose -22*h - 6523 + 21813 = 0. What is the units digit of h - -3*20/(-12)?
0
Let n = -28 - -60. Let g be (-1 + n/(-12) + 3)*-3. What is the tens digit of (-249)/12*-1 - g/(-8)?
2
What is the thousands digit of 136/136*(1 + -2) - -7936?
7
Let n be (-5 + 27/6)*0. Let m(l) = 3*l**2 - 4*l**2 + 93 + 0*l**2 - l. What is the units digit of m(n)?
3
Suppose 26631*p + 652923 = 26640*p. What is the units digit of p?
7
Let h = 51 - 35. Suppose 0 = -11*a - h*a + 41661. What is the tens digit of a?
4
Suppose -4 = 25*v + 346. What is the units digit of (-13)/(-91) + (-3232)/v?
1
Let v = -97 + 92. Let m(w) = -37*w - 13. What is the hundreds digit of m(v)?
1
Let n be (-540)/4 + (15 - 10). Let t = 853 + n. What is the hundreds digit of t?
7
Let s = 1990 - 344. Suppose 0 = 4*z - 5*k - s, 22*z = 26*z + k - 1634. What is the units digit of z?
9
Suppose 5*a - 28365 = a - 6993. What is the units digit of a?
3
Let x(y) = -126*y**3 + 26 + 6*y**2 + 249*y**3 - 124*y**3 + 4*y. Let o be x(7). Suppose 4*q = 5*b - 90, -o*b = -9*b + 2*q + 66. What is the tens digit of b?
1
Let i = 13433 - 8954. What is the units digit of i?
9
Let l(n) = n + 3. Let r be l(-7). Let k be r/(-14) - 171/(-63). Suppose 0 = -6*v + 5*v - k*y + 83, -y - 399 = -5*v. What is the units digit of v?
0
Suppose 0 = -3*z + j + 8, 2*j + 5 + 5 = 0. Let r be z + 20 - (15 + -14). Let u = r + 74. What is the tens digit of u?
9
Let s(n) = -n**3 + 10*n**2 - 7*n + 47. Let z be s(7). What is the hundreds digit of (-5)/(25/z)*-10?
2
Suppose -l = 0, -3106 = j - 4*l - 11608. What is the thousands digit of j?
8
Let k(n) = -163*n + 108. What is the units digit of k(-21)?
1
Let m = 53413 - 31622. What is the thousands digit of m?
1
Let o be 40/30 - (-290)/3. Let n(c) = c**2 - c - 3. Let y be n(3). Suppose z - 83 = -2*d, -y*z + 131 + o = -4*d. What is the units digit of z?
9
Suppose 4*a + 26 - 45 = -5*i, a + 5*i = 1. Suppose a*y = 800 + 712. What is the tens digit of y?
5
Let h be ((-4)/(-4))/(1*(-2)/(-322)). Let p be -1 - ((-1 - -2) + -1). What is the tens digit of (4 + p)/(23/h)?
2
Suppose 0 = -2*l - q + 55385, 3*l + 1669*q - 83039 = 1673*q. What is the units digit of l?
9
Suppose -810 = -2*k + 4*r - 6*r, -2*k + 813 = 3*r. Let q = 1886 - k. What is the tens digit of q?
8
Let z be (-55)/(-3 - -4) + -3. Let m = 151 + z. What is the tens digit of m?
9
Let r(x) = 10617*x - 2654. What is the hundreds digit of r(3)?
1
Let c(a) = 2*a**3 - 4*a**2 - 25*a + 9. What is the tens digit of c(9)?
1
Let s = 50 - 42. Suppose s*h - 78 = -38. Suppose 2*i - h*y - 358 = 28, -3*y = -4*i + 772. What is the units digit of i?
3
What is the hundreds digit of ((-16)/10)/(124/(-225370))?
9
Let l(w) = 5592*w + 756. What is the ten thousands digit of l(4)?
2
Suppose 0*l + 4*l = 192. Suppose 5*z + 28 = 2*z - 5*t, -4*z = -4*t + l. Let r(i) = i**2 + 7*i + 15. What is the units digit of r(z)?
9
Let b = 5579 - -7270. What is the thousands digit of b?
2
Suppose 220 = 4*v - 84. Suppose -19*r + 0 = v. What is the units digit of 483/6 - r/16*-2?
0
Let k(u) = 2*u**2 + 5*u + 9. Let h be k(-2). Suppose 26*i - 2831 = h*i. What is the units digit of i?
9
Suppose -3*h - 1840 = -d, 5*d - 3702 = 3*d - 5*h. Let u = -1115 + d. What is the hundreds digit of u?
7
Suppose -5*l + m + 38900 = 0, -3*l = -3*m - 17580 - 5760. What is the tens digit of l?
8
What is the tens digit of (1*139)/(95/1615)*29 + -8?
1
Let k(j) = -j**2 - 28*j + 39. Let l be k(-35). Let b = 278 + l. What is the units digit of b?
2
What is the hundreds digit of (-1343985)/(-55) + (-25)/275?
4
Let x = 450 + -240. Suppose 4*s = -4*g + 376, -4*s + 35 = -5*g + 469. Let d = x - g. What is the hundreds digit of d?
1
Let v be (10/(-4))/((4 - 0)/8). Let m be 182 + (12/(-10))/(2/v). Suppose 9*p + m = 3*x + 4*p, p = 2. What is the units digit of x?
5
What is the thousands digit of (-18 - -24)*((-4)/10 + (-327164)/(-60))?
2
Let s be 4320/(-81)*21/(-2). Suppose -2*t - 4*p + 1056 = -s, -t + 803 = p. What is the units digit of t?
8
Let f(z) = 8900*z**2 + 271*z + 271. What is the tens digit of f(-1)?
0
Let c(s) = -s**3 - 21*s**2 - 50*s + 21. Let a be c(-20). Suppose 3*z = 14*n - 18*n + a, 4*n - 603 = 3*z. What is the tens digit of n?
5
Suppose -6*s = 4 - 16. Let v be (s/(-4))/((-4)/2504). Suppose 9*w - 434 = v. What is the tens digit of w?
8
Suppose 0 = -4*u + 795*g - 792*g + 141738, 5*g - 177155 = -5*u. What is the ten thousands digit of u?
3
Suppose 18*a - 23*a + 45 = 0. Suppose 0 = 2*j - t - 3, j - 4*j - a = 